649, 8707
List the prime factors of 126330628.
2, 23, 1373159
List the prime factors of 4505378711.
4505378711
List the prime factors of 2905373320.
2, 5, 31, 401, 5843
List the prime factors of 370646706.
2, 3, 127, 401, 1213
What are the prime factors of 8501299097?
71, 119736607
List the prime factors of 155968637.
11, 1288997
List the prime factors of 2432756804.
2, 4957, 122693
List the prime factors of 4373480759.
4373480759
List the prime factors of 2135254594.
2, 11, 97057027
List the prime factors of 58149515.
5, 59, 197117
What are the prime factors of 370788075?
3, 5, 7, 397, 593
List the prime factors of 799387940.
2, 5, 13, 17, 83, 2179
List the prime factors of 244553523.
3, 81517841
List the prime factors of 286367054.
2, 29, 4937363
List the prime factors of 485921458.
2, 11, 22087339
List the prime factors of 54852167.
37, 1482491
List the prime factors of 27558246.
2, 3, 19, 241739
What are the prime factors of 657942397?
7, 1549, 60679
List the prime factors of 45922472.
2, 5740309
List the prime factors of 96135361.
7, 37, 371179
What are the prime factors of 143509516?
2, 29, 1237151
List the prime factors of 369336189.
3, 123112063
What are the prime factors of 19573582?
2, 7, 1398113
What are the prime factors of 24141229?
7, 19, 181513
List the prime factors of 411055842.
2, 3, 19, 569, 6337
What are the prime factors of 273095985?
3, 5, 1259, 14461
What are the prime factors of 211206302?
2, 105603151
List the prime factors of 4945554647.
11, 449595877
What are the prime factors of 1482202749?
3, 17, 19, 1529621
List the prime factors of 149332863.
3, 49777621
What are the prime factors of 30139752?
2, 3, 23, 54601
List the prime factors of 580315478.
2, 290157739
List the prime factors of 998251638.
2, 3, 37, 97, 151, 307
List the prime factors of 1662777198.
2, 3, 419, 220469
What are the prime factors of 398723180?
2, 5, 59, 337901
What are the prime factors of 64366070?
2, 5, 349, 18443
What are the prime factors of 55080277?
7, 311, 25301
List the prime factors of 97532457.
3, 11, 2955529
What are the prime factors of 55542752?
2, 593, 2927
What are the prime factors of 1631355423?
3, 53, 10260097
List the prime factors of 13562237.
13, 167, 6247
List the prime factors of 799449374.
2, 167, 2393561
List the prime factors of 35409369.
3, 19, 621217
What are the prime factors of 1408128578?
2, 704064289
List the prime factors of 76221250.
2, 5, 7, 31, 281
What are the prime factors of 18388988?
2, 79, 58193
List the prime factors of 128828822.
2, 17, 277, 13679
List the prime factors of 2135195679.
3, 711731893
What are the prime factors of 203430695?
5, 13, 53, 59051
What are the prime factors of 49776856?
2, 131, 47497
What are the prime factors of 36305022?
2, 3, 13, 67, 6947
What are the prime factors of 664906214?
2, 7, 127, 373963
List the prime factors of 5531825880.
2, 3, 5, 7, 199, 3677
What are the prime factors of 4096272983?
11, 8951, 41603
What are the prime factors of 81587710?
2, 5, 19, 429409
List the prime factors of 332890950.
2, 3, 5, 7, 43, 73, 101
What are the prime factors of 183153153?
3, 61051051
What are the prime factors of 6351017411?
163, 479, 81343
What are the prime factors of 1503612323?
1503612323
List the prime factors of 330810831.
3, 13, 547, 1723
What are the prime factors of 92811759?
3, 43, 113, 6367
What are the prime factors of 2223604050?
2, 3, 5, 14824027
List the prime factors of 49249204.
2, 17, 31, 61, 383
What are the prime factors of 705263275?
5, 17, 1659443
What are the prime factors of 559735489?
17, 659, 2939
What are the prime factors of 615855234?
2, 3, 102642539
List the prime factors of 1828931139.
3, 7, 29, 103, 9719
List the prime factors of 3291347977.
109, 30195853
List the prime factors of 156625494.
2, 3, 41, 53, 293
What are the prime factors of 2559678851?
1489, 1719059
List the prime factors of 1411104197.
71, 937, 21211
List the prime factors of 110651039.
223, 496193
List the prime factors of 32326886.
2, 233, 69371
What are the prime factors of 6807188369?
167, 40761607
List the prime factors of 12982242.
2, 3, 7, 13, 31, 59
What are the prime factors of 337660183?
7, 337, 143137
List the prime factors of 698969211.
3, 1549, 150413
What are the prime factors of 1334382554?
2, 25609, 26053
List the prime factors of 73411201.
53, 1385117
List the prime factors of 422445704.
2, 52805713
List the prime factors of 20641280.
2, 5, 11, 733
List the prime factors of 2474681525.
5, 98987261
List the prime factors of 209379767.
101, 2073067
What are the prime factors of 38011935?
3, 5, 13, 194933
What are the prime factors of 188649059?
23, 71, 115523
What are the prime factors of 83444973?
3, 227, 122533
What are the prime factors of 1110232491?
3, 19, 29, 671647
List the prime factors of 118207592.
2, 41, 199, 1811
What are the prime factors of 153825801?
3, 97, 528611
List the prime factors of 59442121.
61, 89, 10949
What are the prime factors of 96733356?
2, 3, 101, 79813
What are the prime factors of 18399700?
2, 5, 11, 43, 389
List the prime factors of 15633828.
2, 3, 7, 62039
What are the prime factors of 1924277510?
2, 5, 12763, 15077
List the prime factors of 633922364.
2, 71, 73, 30577
List the prime factors of 79972156.
2, 11, 1817549
List the prime factors of 12442228.
2, 401, 7757
What are the prime factors of 2250266840?
2, 5, 56256671
List the prime factors of 27321266.
2, 7, 227, 8597
What are the prime factors of 744107336?
2, 7, 19, 99907
What are the prime factors of 211481111?
211481111
List the prime factors of 613715451.
3, 9227, 22171
What are the prime factors of 660487775?
5, 26419511
List the prime factors of 1151882247.
3, 199, 1929451
List the prime factors of 178013954.
2, 89006977
What are the prime factors of 899788458?
2, 3, 149964743
List the prime factors of 182187062.
2, 17, 31, 172853
List the prime factors of 647434302.
2, 3, 107905717
What are the prime factors of 1930594411?
11831, 163181
List the prime factors of 204848066.
2, 102424033
What are the prime factors of 479200844?
2, 119800211
What are the prime factors of 5971789846?
2, 11, 157, 1728949
List the prime factors of 2434863907.
7, 31, 2017, 5563
What are the prime factors of 418500262?
2, 593, 352867
List the prime factors of 19749309.
3, 6583103
List the prime factors of 4822258463.
11, 19, 547, 42181
List the prime factors of 34422229.
17, 263, 7699
List the prime factors of 3587410283.
2221, 1615223
List the prime factors of 573376519.
573376519
What are the prime factors of 94524560?
2, 5, 13, 97, 937
List the prime factors of 79051868.
2, 7, 1171, 2411
List the prime factors of 213753290.
2, 5, 193, 110753
What are the prime factors of 262382185?
5, 13, 4036649
List the prime factors of 1692319363.
7, 151, 1601059
What are the prime factors of 630413006?
2, 17, 18541559
What are the prime factors of 102686736?
2, 3, 2139307
List the prime factors of 846850863.
3, 883, 319687
What are the prime factors of 164757145?
5, 7, 4707347
List the prime factors of 7302346046.
2, 97, 229, 164371
List the prime factors of 41625807.
3, 13875269
List the prime factors of 1662619912.
2, 5351, 38839
What are the prime factors of 3587778641?
3587778641
List the prime factors of 4718018.
2, 37, 103, 619
What are the prime factors of 895992028?
2, 1321, 169567
What are the prime factors of 2618211?
3, 872737
List the prime factors of 279314517.
3, 37, 673, 3739
List the prime factors of 3423378169.
3423378169
What are the prime factors of 221605244?
2, 7, 1130639
List the prime factors of 46287571.
11, 4207961
List the prime factors of 5144125.
5, 7, 5879
List the prime factors of 1990388842.
2, 13, 29, 2639773
What are the prime factors of 57330660?
2, 3, 5, 955511
What are the prime factors of 1052056829?
1052056829
What are the prime factors of 1011457854?
2, 3, 11, 189199
List the prime factors of 1341215748.
2, 3, 17, 2191529
What are the prime factors of 4354690750?
2, 5, 19, 29, 101, 313
List the prime factors of 56459649.
3, 31, 607093
What are the prime factors of 32034763?
29, 83, 13309
What are the prime factors of 4251322905?
3, 5, 283421527
What are the prime factors of 55252553?
53, 107, 9743
List the prime factors of 29091799.
11, 2644709
What are the pri